of r and 90?
10
Let v = -994 + 5625. What is the greatest common divisor of 11 and v?
11
Let f(u) = 17*u**3 - 4*u**2 - 4*u + 12. Let r be f(6). Let w be r/27 - 8/36. Suppose -i + 59 + w = 0. What is the highest common factor of i and 21?
21
Suppose -22*j = -27*j + 290. Let s = 871 + -407. What is the greatest common divisor of j and s?
58
Let q = 41 + -37. Suppose -4085 - 411 = -5*k + q*j, j = 2*k - 1796. Let v be (-2)/(-6) - (-5 + k/(-12)). Calculate the highest common factor of 32 and v.
16
Let b be 6/10 - (-13272)/30 - 3. Suppose 2*z = 10*z - b. Suppose -60*l = -z*l - 20. Calculate the highest common factor of 16 and l.
4
Let z be 1/(6 - (-445)/(-75)). Let b be z + 20 + 4 + (-2)/(-2). Calculate the greatest common factor of b and 80.
40
Let i be ((-6)/(-5))/(9/30) - 888/(-2). Calculate the greatest common divisor of i and 476.
28
Suppose 0 = -h + 2*h - 2*i + 7, -5*h + 3*i = 0. Suppose h*u = -4*u + 4676. Suppose 0 = -5*m + u - 8. What is the highest common divisor of m and 12?
12
Let h = 13 + -9. Let p(f) = -f**3 - 7*f**2 - f + 74. Let j be p(-6). Calculate the highest common divisor of j and h.
4
Let m be 4992/28 - (40/(-28))/(-5). What is the highest common factor of m and 2047?
89
Let g(z) = z**3 - 35*z**2 + 36*z - 59. Let s be g(34). Let m be 5/(-18 + 3)*-1*s. What is the greatest common factor of m and 3?
3
Let s be ((-368)/(-12))/((3/(-12))/((-810)/72)). Calculate the greatest common divisor of 1955 and s.
115
Let n(s) be the second derivative of -s**5/20 + s**4/2 - s**3/3 - 8*s**2 - 154*s. Let g be n(4). What is the highest common factor of 60 and g?
4
Let n be (18 + 0 + 0)*(-5)/(-15). Let c(i) = 14*i - 14. Let j be c(n). What is the highest common divisor of 1 and j?
1
Suppose s = -s - 20. Let n = -2 - s. Suppose 165 = -2*z + 277. Calculate the greatest common divisor of z and n.
8
Suppose 203*c - 205*c = -k + 6, 14 = 2*c. Calculate the greatest common divisor of k and 6720.
20
Let p = -3588 + 4092. Calculate the highest common factor of 99 and p.
9
Suppose 137*h = d + 135*h - 10736, 3*d = -2*h + 32240. What is the greatest common divisor of 8 and d?
8
Suppose -16*c + 216 = -1121 - 7. Calculate the greatest common divisor of 18 and c.
6
Suppose 2*y - 693912 + 217563 = -55*y. What is the highest common factor of 137 and y?
137
Let v = 62 - 35. Suppose 1906*c = 826*c + 106920. What is the highest common divisor of v and c?
9
Let o(l) = 403*l + 5064. Let n be o(-10). What is the greatest common factor of n and 44?
22
Let n(y) be the third derivative of -y**5/60 + 17*y**4/24 + 25*y**3/3 - 42*y**2. Let s be n(10). What is the greatest common factor of s and 90?
30
Suppose 107*q - 15435 = -78*q - 3225. What is the greatest common factor of 627 and q?
33
Let n be (3 - 0)/(9/1482). Suppose 18*x - n = 2314. Calculate the greatest common divisor of x and 52.
52
Let o be 2*(-3)/((-6)/38). Suppose 26 = 4*p - o. What is the greatest common factor of 36 and p?
4
Let j be (-12)/21 + (-1000)/(-35). Let f = j + 96. What is the highest common divisor of 31 and f?
31
Let g be 4/20 - 0 - 3*236/(-60). Let d be (-1)/(1*2/(-984)). What is the highest common divisor of d and g?
12
Suppose 52*i - 53*i - 3*c + 517 = 0, 0 = 5*i - 2*c - 2670. What is the highest common factor of i and 476?
28
Let k(p) = 3*p**3 + 14*p**2 + 4*p + 1. Let u be k(8). Calculate the greatest common factor of 34 and u.
17
Let q(y) = y**3 - 9*y**2 - 28*y + 233. Let v be q(19). Calculate the highest common factor of v and 77.
77
Suppose 17849 = 62*w + 16547. Let p(a) = 2*a**3 - 7*a**2 + 6*a. Let k be p(5). Calculate the greatest common divisor of w and k.
21
Let h = -1840 + 2070. What is the greatest common divisor of 874 and h?
46
Let i = -12921 - -13011. What is the highest common divisor of i and 570?
30
Suppose 612 - 183 = 13*y. Calculate the greatest common divisor of 2112 and y.
33
Let b be 6631/10 - (-2 + 3 + 9/(-10)). What is the highest common factor of b and 306?
51
Suppose -3*r = -5*z + 1026, 3*z - r - 608 = -3*r. Let a = z + -178. What is the greatest common factor of 13 and a?
13
Let b be (-134)/3*(65/10 - 5). Let s = -64 - b. Let y be s + 0 + (-10 - -11). Calculate the greatest common divisor of 36 and y.
4
Let o = 22 + -8. Suppose 12 = 3*t - a, -3*a - 1 = 2*t - 4*t. Suppose f = -0*f + 4*y + 41, 0 = t*f - 5*y - 130. Calculate the greatest common factor of o and f.
7
Let l = 592 - 150. Let x = l + -233. Calculate the greatest common divisor of 11 and x.
11
Suppose -3*z - w + 186 = -0*w, 4*w = -5*z + 303. Suppose 7*o - 226 = -79. What is the highest common factor of z and o?
21
Let j be ((-1 - 3)*1 - -579) + -6 + 5. Calculate the highest common factor of j and 266.
14
Let k(t) = t**2 - 51*t - 24. Let u be k(37). Let o = -436 - u. What is the highest common divisor of 53 and o?
53
Let r = -12 + 14. Suppose 0 = b + r*b - 165. Suppose 3*s = x + 11, 0 = -5*s + 3*x - 0*x + 13. Calculate the greatest common divisor of s and b.
5
Let l be (-2)/(-8) + 38/8. Let g(r) = r**2 + 2*r - 1. Let t be g(-7). Let o = 39 - t. Calculate the highest common factor of l and o.
5
Let b(n) = -n**3 + 22*n**2 - 116*n - 8. Let q be b(12). Calculate the greatest common divisor of q and 976.
8
Suppose -8*c + 53*c = 495. What is the greatest common divisor of c and 44?
11
Suppose 2*i - 263*r + 273*r = 1436, 0 = 2*i + 2*r - 1388. Calculate the highest common factor of 37496 and i.
344
Let k be (-396)/22 - -252 - 26. What is the highest common factor of 2416 and k?
16
Let a(h) = 4*h**2 - 4. Let x be a(-2). Suppose 0 = -x*s + 97 + 215. Let i be (-39 + 0/(-2))*-1. Calculate the greatest common factor of s and i.
13
Suppose a - 6*a = -15. Let c be (-1 - -40)/(a*(-2)/(-4)). Calculate the highest common divisor of c and 234.
26
Let y be 4/(-22)*(-1931)/2 - (-7080)/(-12980). Calculate the highest common divisor of y and 550.
25
Suppose 3*x = -2*m, 0 = -3*x - 0*x + 2*m. Suppose 121 = -2*w + 5*o, -3*w + 5*w + 2*o + 86 = x. Let a = 84 + w. Calculate the greatest common factor of a and 12.
12
Let i = -377 - -384. Let r(p) = -p**3 + 12*p**2 - 32*p + 33. Let x be r(i). What is the greatest common factor of x and 4?
2
Let h = -21436 - -21539. What is the greatest common factor of h and 15347?
103
Let x be 6/12*(-5)/((-5)/14). Let z(s) = -4*s + 52. Let i be z(x). What is the highest common divisor of i and 30?
6
Suppose -3*d = d - 792. Let o = -335 - -340. Suppose 0 = -j + o*t + 12, 2*j - 46 = -29*t + 28*t. What is the highest common factor of d and j?
22
Suppose -4*g + l = -948, 36 + 204 = g - l. Calculate the greatest common factor of g and 4.
4
Suppose -13*g - 6*g + 1748 = 0. Let z be (18/54)/(-1 + g/90). Calculate the greatest common divisor of z and 35.
5
Let m(v) = -v**3 + v**2 + 20*v + 2. Let x be m(-4). Suppose -208 = -5*o + x. What is the greatest common factor of o and 112?
14
Suppose -2*x = -4*u + 100, 4*u = -x - u - 85. Let w = x + 225. Suppose -7*a + 3 = -w. What is the highest common factor of a and 6?
6
Let r(p) = p**3 + 23*p**2 + p + 584. Let k be r(-16). Calculate the greatest common factor of 20 and k.
20
Let d be 0*(-1 + -2 + 4). Suppose d = 26*o + 3*o - 3654. What is the greatest common divisor of o and 12?
6
Let t(b) = b**2 - 14*b. Let z be t(17). Let m be ((-13600)/(-10))/10 + 0. What is the greatest common factor of z and m?
17
Let q(d) = d**3 + 11*d**2 + 28*d + 3. Let w be q(-7). Let p be 82/(w/(231/14)). What is the greatest common factor of 41 and p?
41
Suppose -52 = -4*u + 2*t, -6*u + 4*u = -3*t - 26. Suppose -u = -3*m + 2*f, -f + 21 - 30 = -2*m. Calculate the greatest common divisor of m and 125.
5
Let w be 216/(-56) + 4 - (-1384)/14. Suppose 2*v - 16 = -p, 25 = -5*p - 4*v + w. What is the greatest common factor of p and 49?
7
Let y(g) = -5*g**2 - 123*g - 43. Let r be y(-18). Calculate the highest common factor of r and 261.
29
Let k = -8389 + 9091. Calculate the highest common factor of k and 416.
26
Suppose 0 = 2*r + 4*m - 9 - 5, 2*r - 4*m - 14 = 0. Suppose -r*y + 5*y + 31 = z, -40 = -z - 5*y. What is the greatest common divisor of z and 25?
25
Let j = 5538 - 5517. Suppose -3 + 570 = 3*i. What is the greatest common divisor of j and i?
21
Let n = 10075 - 7093. What is the greatest common divisor of n and 284?
142
Let j(u) = 24*u**2 + 35*u + 2. Let f be j(-2). Calculate the greatest commo